{"id":82,"date":"2023-11-06T15:40:25","date_gmt":"2023-11-06T15:40:25","guid":{"rendered":"https:\/\/invgrup.com\/?page_id=82"},"modified":"2023-11-12T17:58:35","modified_gmt":"2023-11-12T17:58:35","slug":"gayrimenkul-projeleri","status":"publish","type":"page","link":"https:\/\/invgrup.com\/?page_id=82","title":{"rendered":"Bina Restorasyonu"},"content":{"rendered":"\n<h1 class=\"wp-block-heading\">Bina Restorasyonu<\/h1>\n\n\n\n<p><\/p>\n\n\n\n<p class=\"has-text-align-center has-large-font-size\"><strong>Beyo\u011flu &#8211; D\u0131\u015f Cephe Restorasyonu<\/strong><\/p>\n\n\n\n<div class=\"wp-block-columns has-small-font-size is-layout-flex wp-container-4 wp-block-columns-is-layout-flex\">\n<div class=\"wp-block-column is-layout-flow wp-block-column-is-layout-flow\" style=\"flex-basis:33.33%\">\n<figure class=\"wp-block-image size-full\"><img decoding=\"async\" loading=\"lazy\" width=\"566\" height=\"754\" src=\"http:\/\/invgrup.com\/wp-content\/uploads\/2023\/11\/Renovasyon-01c.jpg\" alt=\"\" class=\"wp-image-144\"\/><\/figure>\n<\/div>\n\n\n\n<div class=\"wp-block-column is-layout-flow wp-block-column-is-layout-flow\" style=\"flex-basis:33.33%\">\n<figure class=\"wp-block-image size-full is-style-default\"><img decoding=\"async\" loading=\"lazy\" width=\"566\" height=\"754\" src=\"http:\/\/invgrup.com\/wp-content\/uploads\/2023\/11\/Renovasyon-01b.jpg\" alt=\"\" class=\"wp-image-143\"\/><\/figure>\n<\/div>\n\n\n\n<div class=\"wp-block-column is-layout-flow wp-block-column-is-layout-flow\" style=\"flex-basis:33.33%\">\n<figure class=\"wp-block-image size-full\"><img decoding=\"async\" loading=\"lazy\" width=\"566\" height=\"754\" src=\"http:\/\/invgrup.com\/wp-content\/uploads\/2023\/11\/Renovasyon-01a.jpg\" alt=\"\" class=\"wp-image-142\"\/><\/figure>\n<\/div>\n<\/div>\n","protected":false},"excerpt":{"rendered":"<p>Bina Restorasyonu Beyo\u011flu &#8211; D\u0131\u015f Cephe Restorasyonu<\/p>\n","protected":false},"author":1,"featured_media":0,"parent":0,"menu_order":0,"comment_status":"closed","ping_status":"closed","template":"","meta":{"footnotes":""},"_links":{"self":[{"href":"https:\/\/invgrup.com\/index.php?rest_route=\/wp\/v2\/pages\/82"}],"collection":[{"href":"https:\/\/invgrup.com\/index.php?rest_route=\/wp\/v2\/pages"}],"about":[{"href":"https:\/\/invgrup.com\/index.php?rest_route=\/wp\/v2\/types\/page"}],"author":[{"embeddable":true,"href":"https:\/\/invgrup.com\/index.php?rest_route=\/wp\/v2\/users\/1"}],"replies":[{"embeddable":true,"href":"https:\/\/invgrup.com\/index.php?rest_route=%2Fwp%2Fv2%2Fcomments&post=82"}],"version-history":[{"count":17,"href":"https:\/\/invgrup.com\/index.php?rest_route=\/wp\/v2\/pages\/82\/revisions"}],"predecessor-version":[{"id":174,"href":"https:\/\/invgrup.com\/index.php?rest_route=\/wp\/v2\/pages\/82\/revisions\/174"}],"wp:attachment":[{"href":"https:\/\/invgrup.com\/index.php?rest_route=%2Fwp%2Fv2%2Fmedia&parent=82"}],"curies":[{"name":"wp","href":"https:\/\/api.w.org\/{rel}","templated":true}]}}